{"id":4876,"date":"2016-06-23T13:37:29","date_gmt":"2016-06-23T13:37:29","guid":{"rendered":"http:\/\/capethemes.com\/demo\/cityofwp\/?page_id=4876"},"modified":"2019-12-20T11:14:16","modified_gmt":"2019-12-20T10:14:16","slug":"actualites","status":"publish","type":"page","link":"https:\/\/www.champagne-sur-loue.fr\/index.php\/actualites\/","title":{"rendered":"Actualit\u00e9s"},"content":{"rendered":"\n\n<div class=\"su-posts su-posts-default-loop\">\n\n\t\n\t\t\n\t\t\t<div id=\"su-post-6844\" class=\"su-post\">\n\n\t\t\t\t\n\t\t\t\t<h2 class=\"su-post-title\"><a href=\"https:\/\/www.champagne-sur-loue.fr\/index.php\/2025\/02\/21\/conseils-municipaux-2025\/\">Conseils municipaux 2025<\/a><\/h2>\n\n\t\t\t\t<div class=\"su-post-meta\">\n\t\t\t\t\tPubli\u00e9: 21 f\u00e9vrier 2025\t\t\t\t<\/div>\n\n\t\t\t\t<div class=\"su-post-excerpt\">\n\t\t\t\t\t\t\t\t\t<\/div>\n\n\t\t\t\t\n\t\t\t<\/div>\n\n\t\t\n\t\t\t<div id=\"su-post-6813\" class=\"su-post\">\n\n\t\t\t\t\n\t\t\t\t<h2 class=\"su-post-title\"><a href=\"https:\/\/www.champagne-sur-loue.fr\/index.php\/2024\/03\/22\/conseils-municipaux-2024\/\">Conseils municipaux 2024<\/a><\/h2>\n\n\t\t\t\t<div class=\"su-post-meta\">\n\t\t\t\t\tPubli\u00e9: 22 mars 2024\t\t\t\t<\/div>\n\n\t\t\t\t<div class=\"su-post-excerpt\">\n\t\t\t\t\t\t\t\t\t<\/div>\n\n\t\t\t\t\n\t\t\t<\/div>\n\n\t\t\n\t\t\t<div id=\"su-post-6774\" class=\"su-post\">\n\n\t\t\t\t\n\t\t\t\t<h2 class=\"su-post-title\"><a href=\"https:\/\/www.champagne-sur-loue.fr\/index.php\/2023\/08\/04\/arrete-interdiction-de-baignade\/\">ARRETE INTERDICTION DE BAIGNADE<\/a><\/h2>\n\n\t\t\t\t<div class=\"su-post-meta\">\n\t\t\t\t\tPubli\u00e9: 4 ao\u00fbt 2023\t\t\t\t<\/div>\n\n\t\t\t\t<div class=\"su-post-excerpt\">\n\t\t\t\t\t<p>EN RAISON DE PRESENCE DE CYANOBACTERIES DANS LES ANALYSES DE L&#8217;ARS, LA BAIGNADE EST INTERDITE SUR LE SITE DE LA LOUE AU PONT DE LA LOUE ET SUR TOUT LE TERRITOIRE DE LA COMMUNE DE CHAMPAGNE SUR LOUE JUSQU&#8217;A NOUVEL ORDRE LES ACTIVITES NAUTIQUES SONT EGALEMENT INTERDITES VOIR CI DESSOUS L&#8217;ARRETE MUNICIPAL ET L&#8217;AVIS D&#8217;INTERDICTION &hellip;<\/p>\n\t\t\t\t<\/div>\n\n\t\t\t\t\n\t\t\t<\/div>\n\n\t\t\n\t\t\t<div id=\"su-post-6763\" class=\"su-post\">\n\n\t\t\t\t\t\t\t\t\t<a class=\"su-post-thumbnail\" href=\"https:\/\/www.champagne-sur-loue.fr\/index.php\/2023\/07\/07\/arrete-de-secheresse-2023-06-30-001\/\"><img width=\"4238\" height=\"2993\" src=\"https:\/\/www.champagne-sur-loue.fr\/wp-content\/uploads\/2023\/07\/Affiche_2023_VIGILANCE_E-ALERETE_NE-2-pdf.jpg\" class=\"attachment-post-thumbnail size-post-thumbnail wp-post-image\" alt=\"\" loading=\"lazy\" \/><\/a>\n\t\t\t\t\n\t\t\t\t<h2 class=\"su-post-title\"><a href=\"https:\/\/www.champagne-sur-loue.fr\/index.php\/2023\/07\/07\/arrete-de-secheresse-2023-06-30-001\/\">Arr\u00eat\u00e9 de s\u00e9cheresse 2023 06 30 001<\/a><\/h2>\n\n\t\t\t\t<div class=\"su-post-meta\">\n\t\t\t\t\tPubli\u00e9: 7 juillet 2023\t\t\t\t<\/div>\n\n\t\t\t\t<div class=\"su-post-excerpt\">\n\t\t\t\t\t\t\t\t\t<\/div>\n\n\t\t\t\t\n\t\t\t<\/div>\n\n\t\t\n\t\t\t<div id=\"su-post-6747\" class=\"su-post\">\n\n\t\t\t\t\n\t\t\t\t<h2 class=\"su-post-title\"><a href=\"https:\/\/www.champagne-sur-loue.fr\/index.php\/2023\/06\/23\/courrier-dinformation-prisme\/\">Courrier d&#8217;information Prisme<\/a><\/h2>\n\n\t\t\t\t<div class=\"su-post-meta\">\n\t\t\t\t\tPubli\u00e9: 23 juin 2023\t\t\t\t<\/div>\n\n\t\t\t\t<div class=\"su-post-excerpt\">\n\t\t\t\t\t\t\t\t\t<\/div>\n\n\t\t\t\t\n\t\t\t<\/div>\n\n\t\t\n\t\t\t<div id=\"su-post-6645\" class=\"su-post\">\n\n\t\t\t\t\n\t\t\t\t<h2 class=\"su-post-title\"><a href=\"https:\/\/www.champagne-sur-loue.fr\/index.php\/2022\/08\/05\/gestion-des-dechets\/\">Gestion des d\u00e9chets :<\/a><\/h2>\n\n\t\t\t\t<div class=\"su-post-meta\">\n\t\t\t\t\tPubli\u00e9: 5 ao\u00fbt 2022\t\t\t\t<\/div>\n\n\t\t\t\t<div class=\"su-post-excerpt\">\n\t\t\t\t\t<p>Collecte des bacs gris tous les mercredis Collecte des bacs de recyclage \u00e0 partir du mercredi 21 juin 2023 puis tous les 15 jours semaine impaire Pour les badges de d\u00e9cheterie, veuillez consulter la rubrique d\u00e9ch\u00e8terie du site du Sictom de Dole https:\/\/www.sictomdole.fr\/ Les horaires de la d\u00e9ch\u00e8terie, sont :<\/p>\n\t\t\t\t<\/div>\n\n\t\t\t\t\n\t\t\t<\/div>\n\n\t\t\n\t\t\t<div id=\"su-post-6615\" class=\"su-post\">\n\n\t\t\t\t\t\t\t\t\t<a class=\"su-post-thumbnail\" href=\"https:\/\/www.champagne-sur-loue.fr\/index.php\/2022\/07\/29\/analyses-de-leau-par-lars\/\"><img width=\"361\" height=\"200\" src=\"https:\/\/www.champagne-sur-loue.fr\/wp-content\/uploads\/2022\/07\/ars-1-e1659085891424.jpg\" class=\"attachment-post-thumbnail size-post-thumbnail wp-post-image\" alt=\"\" loading=\"lazy\" srcset=\"https:\/\/www.champagne-sur-loue.fr\/wp-content\/uploads\/2022\/07\/ars-1-e1659085891424.jpg 361w, https:\/\/www.champagne-sur-loue.fr\/wp-content\/uploads\/2022\/07\/ars-1-e1659085891424-300x166.jpg 300w\" sizes=\"(max-width: 361px) 100vw, 361px\" \/><\/a>\n\t\t\t\t\n\t\t\t\t<h2 class=\"su-post-title\"><a href=\"https:\/\/www.champagne-sur-loue.fr\/index.php\/2022\/07\/29\/analyses-de-leau-par-lars\/\">ANALYSES de l&#8217;eau par l&#8217;ARS<\/a><\/h2>\n\n\t\t\t\t<div class=\"su-post-meta\">\n\t\t\t\t\tPubli\u00e9: 29 juillet 2022\t\t\t\t<\/div>\n\n\t\t\t\t<div class=\"su-post-excerpt\">\n\t\t\t\t\t<p>INTERDICTION DE BAIGNADE POUR CYANOBACTERIES La qualit\u00e9 des eaux de baignade est mesur\u00e9e et v\u00e9rifi\u00e9e en p\u00e9riode estivale, elle est consultable ci dessous : https:\/\/baignades.sante.gouv.fr\/baignades\/consultSite.do?dptddass=039&amp;plv=no&amp;idCarte=fra&amp;annee=2023&amp;site=039001959&amp;xmin=642756.880012528&amp;ymin=5945035.389151447&amp;xmax=649445.119987472&amp;ymax=5949621.610848553<\/p>\n\t\t\t\t<\/div>\n\n\t\t\t\t\n\t\t\t<\/div>\n\n\t\t\n\t\t\t<div id=\"su-post-6594\" class=\"su-post\">\n\n\t\t\t\t\t\t\t\t\t<a class=\"su-post-thumbnail\" href=\"https:\/\/www.champagne-sur-loue.fr\/index.php\/2022\/04\/22\/conseils-municipaux-2022\/\"><img width=\"1400\" height=\"1901\" src=\"https:\/\/www.champagne-sur-loue.fr\/wp-content\/uploads\/2020\/01\/Marianne-scaled-e1711112044911.jpg\" class=\"attachment-post-thumbnail size-post-thumbnail wp-post-image\" alt=\"\" loading=\"lazy\" srcset=\"https:\/\/www.champagne-sur-loue.fr\/wp-content\/uploads\/2020\/01\/Marianne-scaled-e1711112044911.jpg 1400w, https:\/\/www.champagne-sur-loue.fr\/wp-content\/uploads\/2020\/01\/Marianne-scaled-e1711112044911-221x300.jpg 221w, https:\/\/www.champagne-sur-loue.fr\/wp-content\/uploads\/2020\/01\/Marianne-scaled-e1711112044911-754x1024.jpg 754w, https:\/\/www.champagne-sur-loue.fr\/wp-content\/uploads\/2020\/01\/Marianne-scaled-e1711112044911-768x1043.jpg 768w, https:\/\/www.champagne-sur-loue.fr\/wp-content\/uploads\/2020\/01\/Marianne-scaled-e1711112044911-1131x1536.jpg 1131w\" sizes=\"(max-width: 1400px) 100vw, 1400px\" \/><\/a>\n\t\t\t\t\n\t\t\t\t<h2 class=\"su-post-title\"><a href=\"https:\/\/www.champagne-sur-loue.fr\/index.php\/2022\/04\/22\/conseils-municipaux-2022\/\">CONSEILS MUNICIPAUX 2022<\/a><\/h2>\n\n\t\t\t\t<div class=\"su-post-meta\">\n\t\t\t\t\tPubli\u00e9: 22 avril 2022\t\t\t\t<\/div>\n\n\t\t\t\t<div class=\"su-post-excerpt\">\n\t\t\t\t\t<p>Vous retrouvez ci-dessous les Proc\u00e8s Verbaux des diff\u00e9rents conseils municipaux :<\/p>\n\t\t\t\t<\/div>\n\n\t\t\t\t\n\t\t\t<\/div>\n\n\t\t\n\t\t\t<div id=\"su-post-5304\" class=\"su-post\">\n\n\t\t\t\t\t\t\t\t\t<a class=\"su-post-thumbnail\" href=\"https:\/\/www.champagne-sur-loue.fr\/index.php\/2022\/03\/10\/bulletin-municipal\/\"><img width=\"1660\" height=\"1660\" src=\"https:\/\/www.champagne-sur-loue.fr\/wp-content\/uploads\/2019\/01\/mairie.jpg\" class=\"attachment-post-thumbnail size-post-thumbnail wp-post-image\" alt=\"\" loading=\"lazy\" srcset=\"https:\/\/www.champagne-sur-loue.fr\/wp-content\/uploads\/2019\/01\/mairie.jpg 1660w, https:\/\/www.champagne-sur-loue.fr\/wp-content\/uploads\/2019\/01\/mairie-150x150.jpg 150w, https:\/\/www.champagne-sur-loue.fr\/wp-content\/uploads\/2019\/01\/mairie-300x300.jpg 300w, https:\/\/www.champagne-sur-loue.fr\/wp-content\/uploads\/2019\/01\/mairie-768x768.jpg 768w, https:\/\/www.champagne-sur-loue.fr\/wp-content\/uploads\/2019\/01\/mairie-1024x1024.jpg 1024w, https:\/\/www.champagne-sur-loue.fr\/wp-content\/uploads\/2019\/01\/mairie-60x60.jpg 60w\" sizes=\"(max-width: 1660px) 100vw, 1660px\" \/><\/a>\n\t\t\t\t\n\t\t\t\t<h2 class=\"su-post-title\"><a href=\"https:\/\/www.champagne-sur-loue.fr\/index.php\/2022\/03\/10\/bulletin-municipal\/\">Bulletin Municipal<\/a><\/h2>\n\n\t\t\t\t<div class=\"su-post-meta\">\n\t\t\t\t\tPubli\u00e9: 10 mars 2022\t\t\t\t<\/div>\n\n\t\t\t\t<div class=\"su-post-excerpt\">\n\t\t\t\t\t\t\t\t\t<\/div>\n\n\t\t\t\t\n\t\t\t<\/div>\n\n\t\t\n\t\t\t<div id=\"su-post-6528\" class=\"su-post\">\n\n\t\t\t\t\t\t\t\t\t<a class=\"su-post-thumbnail\" href=\"https:\/\/www.champagne-sur-loue.fr\/index.php\/2021\/11\/16\/commemoration-leon-mesny-de-boisseau-du-17-octobre-2021\/\"><img width=\"536\" height=\"473\" src=\"https:\/\/www.champagne-sur-loue.fr\/wp-content\/uploads\/2021\/11\/portrait-leon-mesny-de-boisseau.jpg\" class=\"attachment-post-thumbnail size-post-thumbnail wp-post-image\" alt=\"\" loading=\"lazy\" srcset=\"https:\/\/www.champagne-sur-loue.fr\/wp-content\/uploads\/2021\/11\/portrait-leon-mesny-de-boisseau.jpg 536w, https:\/\/www.champagne-sur-loue.fr\/wp-content\/uploads\/2021\/11\/portrait-leon-mesny-de-boisseau-300x265.jpg 300w\" sizes=\"(max-width: 536px) 100vw, 536px\" \/><\/a>\n\t\t\t\t\n\t\t\t\t<h2 class=\"su-post-title\"><a href=\"https:\/\/www.champagne-sur-loue.fr\/index.php\/2021\/11\/16\/commemoration-leon-mesny-de-boisseau-du-17-octobre-2021\/\">Comm\u00e9moration L\u00e9on Mesny de Boisseaux<\/a><\/h2>\n\n\t\t\t\t<div class=\"su-post-meta\">\n\t\t\t\t\tPubli\u00e9: 16 novembre 2021\t\t\t\t<\/div>\n\n\t\t\t\t<div class=\"su-post-excerpt\">\n\t\t\t\t\t<p>Cette journ\u00e9e a \u00e9t\u00e9 organis\u00e9e le 17 octobre 2021, en M\u00e9moire de L\u00e9on Mesny de Boisseaux Mort pour la France le 20 novembre 1870, en partenariat avec le Souvenir Fran\u00e7ais. Une exposition a \u00e9t\u00e9 r\u00e9alis\u00e9e \u00e0 l&#8217;aide de Christine MATHIEU et les recherches de Monsieur Eric SERGENT, doctorant en histoire de l&#8217;art du 19\u00e8me si\u00e8cle &hellip;<\/p>\n\t\t\t\t<\/div>\n\n\t\t\t\t\n\t\t\t<\/div>\n\n\t\t\n\t\t\t<div id=\"su-post-6433\" class=\"su-post\">\n\n\t\t\t\t\t\t\t\t\t<a class=\"su-post-thumbnail\" href=\"https:\/\/www.champagne-sur-loue.fr\/index.php\/2021\/05\/07\/travaux-de-restauration-de-leglise-de-champagne-sur-loue\/\"><img width=\"5472\" height=\"3648\" src=\"https:\/\/www.champagne-sur-loue.fr\/wp-content\/uploads\/2018\/12\/DJI_0026.jpg\" class=\"attachment-post-thumbnail size-post-thumbnail wp-post-image\" alt=\"\" loading=\"lazy\" srcset=\"https:\/\/www.champagne-sur-loue.fr\/wp-content\/uploads\/2018\/12\/DJI_0026.jpg 5472w, https:\/\/www.champagne-sur-loue.fr\/wp-content\/uploads\/2018\/12\/DJI_0026-300x200.jpg 300w, https:\/\/www.champagne-sur-loue.fr\/wp-content\/uploads\/2018\/12\/DJI_0026-768x512.jpg 768w, https:\/\/www.champagne-sur-loue.fr\/wp-content\/uploads\/2018\/12\/DJI_0026-1024x683.jpg 1024w\" sizes=\"(max-width: 5472px) 100vw, 5472px\" \/><\/a>\n\t\t\t\t\n\t\t\t\t<h2 class=\"su-post-title\"><a href=\"https:\/\/www.champagne-sur-loue.fr\/index.php\/2021\/05\/07\/travaux-de-restauration-de-leglise-de-champagne-sur-loue\/\">Travaux de restauration de l&#8217;Eglise de Champagne sur Loue<\/a><\/h2>\n\n\t\t\t\t<div class=\"su-post-meta\">\n\t\t\t\t\tPubli\u00e9: 7 mai 2021\t\t\t\t<\/div>\n\n\t\t\t\t<div class=\"su-post-excerpt\">\n\t\t\t\t\t<p>Afin de soutenir le projet de restauration de toiture et de mise aux normes des installations \u00e9lectriques de l&#8217;Eglise, une convention a \u00e9t\u00e9 conclue avec la Fondation du Patrimoine. Renseignement : www.fondation-patrimoine.org\/73007 Les travaux ont commenc\u00e9 le 3 mai, voici les premi\u00e8res photos !!<\/p>\n\t\t\t\t<\/div>\n\n\t\t\t\t\n\t\t\t<\/div>\n\n\t\t\n\t\t\t<div id=\"su-post-6462\" class=\"su-post\">\n\n\t\t\t\t\t\t\t\t\t<a class=\"su-post-thumbnail\" href=\"https:\/\/www.champagne-sur-loue.fr\/index.php\/2021\/05\/04\/camping-la-louve\/\"><img width=\"336\" height=\"253\" src=\"https:\/\/www.champagne-sur-loue.fr\/wp-content\/uploads\/2021\/05\/logo-louve.jpg\" class=\"attachment-post-thumbnail size-post-thumbnail wp-post-image\" alt=\"\" loading=\"lazy\" srcset=\"https:\/\/www.champagne-sur-loue.fr\/wp-content\/uploads\/2021\/05\/logo-louve.jpg 336w, https:\/\/www.champagne-sur-loue.fr\/wp-content\/uploads\/2021\/05\/logo-louve-300x226.jpg 300w\" sizes=\"(max-width: 336px) 100vw, 336px\" \/><\/a>\n\t\t\t\t\n\t\t\t\t<h2 class=\"su-post-title\"><a href=\"https:\/\/www.champagne-sur-loue.fr\/index.php\/2021\/05\/04\/camping-la-louve\/\">Camping La louve<\/a><\/h2>\n\n\t\t\t\t<div class=\"su-post-meta\">\n\t\t\t\t\tPubli\u00e9: 4 mai 2021\t\t\t\t<\/div>\n\n\t\t\t\t<div class=\"su-post-excerpt\">\n\t\t\t\t\t<p>Nous vous invitons \u00e0 vous rendre dans la rubrique tourisme de notre site internet pour d\u00e9couvrir Le Camping La Louve, qui ouvrira d\u00e8s le 8 mai 2021 http:\/\/www.champagne-sur-loue.fr\/index.php\/tourisme\/<\/p>\n\t\t\t\t<\/div>\n\n\t\t\t\t\n\t\t\t<\/div>\n\n\t\t\n\t\t\t<div id=\"su-post-6422\" class=\"su-post\">\n\n\t\t\t\t\t\t\t\t\t<a class=\"su-post-thumbnail\" href=\"https:\/\/www.champagne-sur-loue.fr\/index.php\/2021\/02\/09\/conseils-municipaux-2021\/\"><img width=\"500\" height=\"958\" src=\"https:\/\/www.champagne-sur-loue.fr\/wp-content\/uploads\/2021\/02\/Marianne-2021.jpg\" class=\"attachment-post-thumbnail size-post-thumbnail wp-post-image\" alt=\"\" loading=\"lazy\" srcset=\"https:\/\/www.champagne-sur-loue.fr\/wp-content\/uploads\/2021\/02\/Marianne-2021.jpg 500w, https:\/\/www.champagne-sur-loue.fr\/wp-content\/uploads\/2021\/02\/Marianne-2021-157x300.jpg 157w\" sizes=\"(max-width: 500px) 100vw, 500px\" \/><\/a>\n\t\t\t\t\n\t\t\t\t<h2 class=\"su-post-title\"><a href=\"https:\/\/www.champagne-sur-loue.fr\/index.php\/2021\/02\/09\/conseils-municipaux-2021\/\">Conseils Municipaux 2021<\/a><\/h2>\n\n\t\t\t\t<div class=\"su-post-meta\">\n\t\t\t\t\tPubli\u00e9: 9 f\u00e9vrier 2021\t\t\t\t<\/div>\n\n\t\t\t\t<div class=\"su-post-excerpt\">\n\t\t\t\t\t\t\t\t\t<\/div>\n\n\t\t\t\t\n\t\t\t<\/div>\n\n\t\t\n\t\t\t<div id=\"su-post-6316\" class=\"su-post\">\n\n\t\t\t\t\t\t\t\t\t<a class=\"su-post-thumbnail\" href=\"https:\/\/www.champagne-sur-loue.fr\/index.php\/2020\/10\/26\/arrete-prefectoral\/\"><img width=\"300\" height=\"300\" src=\"https:\/\/www.champagne-sur-loue.fr\/wp-content\/uploads\/2020\/06\/logo_prefecture_Jura.jpg\" class=\"attachment-post-thumbnail size-post-thumbnail wp-post-image\" alt=\"\" loading=\"lazy\" srcset=\"https:\/\/www.champagne-sur-loue.fr\/wp-content\/uploads\/2020\/06\/logo_prefecture_Jura.jpg 300w, https:\/\/www.champagne-sur-loue.fr\/wp-content\/uploads\/2020\/06\/logo_prefecture_Jura-150x150.jpg 150w, https:\/\/www.champagne-sur-loue.fr\/wp-content\/uploads\/2020\/06\/logo_prefecture_Jura-60x60.jpg 60w\" sizes=\"(max-width: 300px) 100vw, 300px\" \/><\/a>\n\t\t\t\t\n\t\t\t\t<h2 class=\"su-post-title\"><a href=\"https:\/\/www.champagne-sur-loue.fr\/index.php\/2020\/10\/26\/arrete-prefectoral\/\">ARRETES PREFECTORAUX<\/a><\/h2>\n\n\t\t\t\t<div class=\"su-post-meta\">\n\t\t\t\t\tPubli\u00e9: 26 octobre 2020\t\t\t\t<\/div>\n\n\t\t\t\t<div class=\"su-post-excerpt\">\n\t\t\t\t\t\t\t\t\t<\/div>\n\n\t\t\t\t\n\t\t\t<\/div>\n\n\t\t\n\t\t\t<div id=\"su-post-6382\" class=\"su-post\">\n\n\t\t\t\t\t\t\t\t\t<a class=\"su-post-thumbnail\" href=\"https:\/\/www.champagne-sur-loue.fr\/index.php\/2020\/10\/23\/safran\/\"><img width=\"650\" height=\"322\" src=\"https:\/\/www.champagne-sur-loue.fr\/wp-content\/uploads\/2020\/10\/crocus-sativus-fleurs-173955.jpg\" class=\"attachment-post-thumbnail size-post-thumbnail wp-post-image\" alt=\"\" loading=\"lazy\" srcset=\"https:\/\/www.champagne-sur-loue.fr\/wp-content\/uploads\/2020\/10\/crocus-sativus-fleurs-173955.jpg 650w, https:\/\/www.champagne-sur-loue.fr\/wp-content\/uploads\/2020\/10\/crocus-sativus-fleurs-173955-300x149.jpg 300w\" sizes=\"(max-width: 650px) 100vw, 650px\" \/><\/a>\n\t\t\t\t\n\t\t\t\t<h2 class=\"su-post-title\"><a href=\"https:\/\/www.champagne-sur-loue.fr\/index.php\/2020\/10\/23\/safran\/\">Safran<\/a><\/h2>\n\n\t\t\t\t<div class=\"su-post-meta\">\n\t\t\t\t\tPubli\u00e9: 23 octobre 2020\t\t\t\t<\/div>\n\n\t\t\t\t<div class=\"su-post-excerpt\">\n\t\t\t\t\t<p>La r\u00e9colte du Safran a commenc\u00e9, Infos : Les Saveurs du Val d&#8217;Amour : 27 rue du pav\u00e9 39600 Champagne-sur-Loue lessaveursvaldamour@gmail.com<\/p>\n\t\t\t\t<\/div>\n\n\t\t\t\t\n\t\t\t<\/div>\n\n\t\t\n\t\t\t<div id=\"su-post-6367\" class=\"su-post\">\n\n\t\t\t\t\t\t\t\t\t<a class=\"su-post-thumbnail\" href=\"https:\/\/www.champagne-sur-loue.fr\/index.php\/2020\/09\/04\/releve-de-compteur-suez\/\"><img width=\"1497\" height=\"1058\" src=\"https:\/\/www.champagne-sur-loue.fr\/wp-content\/uploads\/2020\/09\/visite-SUEZ-a-partir-du-17-09-2020-1-pdf.jpg\" class=\"attachment-post-thumbnail size-post-thumbnail wp-post-image\" alt=\"\" loading=\"lazy\" \/><\/a>\n\t\t\t\t\n\t\t\t\t<h2 class=\"su-post-title\"><a href=\"https:\/\/www.champagne-sur-loue.fr\/index.php\/2020\/09\/04\/releve-de-compteur-suez\/\">RELEVE DE COMPTEUR SUEZ<\/a><\/h2>\n\n\t\t\t\t<div class=\"su-post-meta\">\n\t\t\t\t\tPubli\u00e9: 4 septembre 2020\t\t\t\t<\/div>\n\n\t\t\t\t<div class=\"su-post-excerpt\">\n\t\t\t\t\t\t\t\t\t<\/div>\n\n\t\t\t\t\n\t\t\t<\/div>\n\n\t\t\n\t\t\t<div id=\"su-post-5957\" class=\"su-post\">\n\n\t\t\t\t\t\t\t\t\t<a class=\"su-post-thumbnail\" href=\"https:\/\/www.champagne-sur-loue.fr\/index.php\/2020\/07\/09\/agenda\/\"><img width=\"800\" height=\"800\" src=\"https:\/\/www.champagne-sur-loue.fr\/wp-content\/uploads\/2016\/06\/actu-1.jpg\" class=\"attachment-post-thumbnail size-post-thumbnail wp-post-image\" alt=\"\" loading=\"lazy\" srcset=\"https:\/\/www.champagne-sur-loue.fr\/wp-content\/uploads\/2016\/06\/actu-1.jpg 800w, https:\/\/www.champagne-sur-loue.fr\/wp-content\/uploads\/2016\/06\/actu-1-150x150.jpg 150w, https:\/\/www.champagne-sur-loue.fr\/wp-content\/uploads\/2016\/06\/actu-1-300x300.jpg 300w, https:\/\/www.champagne-sur-loue.fr\/wp-content\/uploads\/2016\/06\/actu-1-768x768.jpg 768w, https:\/\/www.champagne-sur-loue.fr\/wp-content\/uploads\/2016\/06\/actu-1-60x60.jpg 60w\" sizes=\"(max-width: 800px) 100vw, 800px\" \/><\/a>\n\t\t\t\t\n\t\t\t\t<h2 class=\"su-post-title\"><a href=\"https:\/\/www.champagne-sur-loue.fr\/index.php\/2020\/07\/09\/agenda\/\">Services des Imp\u00f4ts<\/a><\/h2>\n\n\t\t\t\t<div class=\"su-post-meta\">\n\t\t\t\t\tPubli\u00e9: 9 juillet 2020\t\t\t\t<\/div>\n\n\t\t\t\t<div class=\"su-post-excerpt\">\n\t\t\t\t\t<p>A partir du 1er janvier 2021 : Le service des Imp\u00f4ts des Particuliers de Poligny est transf\u00e9r\u00e9 au Service des Imp\u00f4ts des Particuliers de Dole Contact : 136 avenue L\u00e9on Jouhaux 39100 DOLE 03 84 72 25 82 Pour une visite, prendre rendez vous soit par t\u00e9l\u00e9phone ou sur impot.gouv.fr, rubrique contact<\/p>\n\t\t\t\t<\/div>\n\n\t\t\t\t\n\t\t\t<\/div>\n\n\t\t\n\t\t\t<div id=\"su-post-6309\" class=\"su-post\">\n\n\t\t\t\t\t\t\t\t\t<a class=\"su-post-thumbnail\" href=\"https:\/\/www.champagne-sur-loue.fr\/index.php\/2020\/06\/16\/perte-de-recoltes-causees-par-gel-avril-2019-sur-le-vignoble\/\"><img width=\"1058\" height=\"1496\" src=\"https:\/\/www.champagne-sur-loue.fr\/wp-content\/uploads\/2020\/06\/PERTE-RECOLTE-VIGNOBLE-1-pdf.jpg\" class=\"attachment-post-thumbnail size-post-thumbnail wp-post-image\" alt=\"\" loading=\"lazy\" \/><\/a>\n\t\t\t\t\n\t\t\t\t<h2 class=\"su-post-title\"><a href=\"https:\/\/www.champagne-sur-loue.fr\/index.php\/2020\/06\/16\/perte-de-recoltes-causees-par-gel-avril-2019-sur-le-vignoble\/\">PERTE DE RECOLTES CAUSEES PAR GEL AVRIL 2019 SUR LE VIGNOBLE<\/a><\/h2>\n\n\t\t\t\t<div class=\"su-post-meta\">\n\t\t\t\t\tPubli\u00e9: 16 juin 2020\t\t\t\t<\/div>\n\n\t\t\t\t<div class=\"su-post-excerpt\">\n\t\t\t\t\t\t\t\t\t<\/div>\n\n\t\t\t\t\n\t\t\t<\/div>\n\n\t\t\n\t\t\t<div id=\"su-post-6298\" class=\"su-post\">\n\n\t\t\t\t\t\t\t\t\t<a class=\"su-post-thumbnail\" href=\"https:\/\/www.champagne-sur-loue.fr\/index.php\/2020\/05\/19\/inscriptions-ecole-de-cramans\/\"><img width=\"1497\" height=\"1058\" src=\"https:\/\/www.champagne-sur-loue.fr\/wp-content\/uploads\/2020\/05\/rentr\u00e9e-2020-1-pdf.jpg\" class=\"attachment-post-thumbnail size-post-thumbnail wp-post-image\" alt=\"\" loading=\"lazy\" \/><\/a>\n\t\t\t\t\n\t\t\t\t<h2 class=\"su-post-title\"><a href=\"https:\/\/www.champagne-sur-loue.fr\/index.php\/2020\/05\/19\/inscriptions-ecole-de-cramans\/\">Inscriptions \u00e9cole de Cramans<\/a><\/h2>\n\n\t\t\t\t<div class=\"su-post-meta\">\n\t\t\t\t\tPubli\u00e9: 19 mai 2020\t\t\t\t<\/div>\n\n\t\t\t\t<div class=\"su-post-excerpt\">\n\t\t\t\t\t\t\t\t\t<\/div>\n\n\t\t\t\t\n\t\t\t<\/div>\n\n\t\t\n\t\t\t<div id=\"su-post-6261\" class=\"su-post\">\n\n\t\t\t\t\t\t\t\t\t<a class=\"su-post-thumbnail\" href=\"https:\/\/www.champagne-sur-loue.fr\/index.php\/2020\/04\/13\/un-chamois-dans-la-plaine\/\"><img width=\"2393\" height=\"1615\" src=\"https:\/\/www.champagne-sur-loue.fr\/wp-content\/uploads\/2020\/04\/chamois-2.jpg\" class=\"attachment-post-thumbnail size-post-thumbnail wp-post-image\" alt=\"\" loading=\"lazy\" srcset=\"https:\/\/www.champagne-sur-loue.fr\/wp-content\/uploads\/2020\/04\/chamois-2.jpg 2393w, https:\/\/www.champagne-sur-loue.fr\/wp-content\/uploads\/2020\/04\/chamois-2-300x202.jpg 300w, https:\/\/www.champagne-sur-loue.fr\/wp-content\/uploads\/2020\/04\/chamois-2-1024x691.jpg 1024w, https:\/\/www.champagne-sur-loue.fr\/wp-content\/uploads\/2020\/04\/chamois-2-768x518.jpg 768w, https:\/\/www.champagne-sur-loue.fr\/wp-content\/uploads\/2020\/04\/chamois-2-1536x1037.jpg 1536w, https:\/\/www.champagne-sur-loue.fr\/wp-content\/uploads\/2020\/04\/chamois-2-2048x1382.jpg 2048w\" sizes=\"(max-width: 2393px) 100vw, 2393px\" \/><\/a>\n\t\t\t\t\n\t\t\t\t<h2 class=\"su-post-title\"><a href=\"https:\/\/www.champagne-sur-loue.fr\/index.php\/2020\/04\/13\/un-chamois-dans-la-plaine\/\">Un chamois dans la plaine<\/a><\/h2>\n\n\t\t\t\t<div class=\"su-post-meta\">\n\t\t\t\t\tPubli\u00e9: 13 avril 2020\t\t\t\t<\/div>\n\n\t\t\t\t<div class=\"su-post-excerpt\">\n\t\t\t\t\t<p>Le 13 avril 2020, une dr\u00f4le d&#8217;observation a eu lieu dans la plaine de Champagne-sur-Loue. Vers 10h10 du matin, un chamois traverse un labour puis un chemin agricole au lieu-dit les Combes. Il se dirige vers la petite peupleraie humide o\u00f9 subsiste encore un peu d&#8217;eau. Est-ce le confinement qui redonne \u00e0 la nature une &hellip;<\/p>\n\t\t\t\t<\/div>\n\n\t\t\t\t\n\t\t\t<\/div>\n\n\t\t\n\t\n<\/div>\n\n","protected":false},"excerpt":{"rendered":"","protected":false},"author":1,"featured_media":0,"parent":0,"menu_order":0,"comment_status":"closed","ping_status":"closed","template":"template-fullwidth.php","meta":[],"_links":{"self":[{"href":"https:\/\/www.champagne-sur-loue.fr\/index.php\/wp-json\/wp\/v2\/pages\/4876"}],"collection":[{"href":"https:\/\/www.champagne-sur-loue.fr\/index.php\/wp-json\/wp\/v2\/pages"}],"about":[{"href":"https:\/\/www.champagne-sur-loue.fr\/index.php\/wp-json\/wp\/v2\/types\/page"}],"author":[{"embeddable":true,"href":"https:\/\/www.champagne-sur-loue.fr\/index.php\/wp-json\/wp\/v2\/users\/1"}],"replies":[{"embeddable":true,"href":"https:\/\/www.champagne-sur-loue.fr\/index.php\/wp-json\/wp\/v2\/comments?post=4876"}],"version-history":[{"count":28,"href":"https:\/\/www.champagne-sur-loue.fr\/index.php\/wp-json\/wp\/v2\/pages\/4876\/revisions"}],"predecessor-version":[{"id":5504,"href":"https:\/\/www.champagne-sur-loue.fr\/index.php\/wp-json\/wp\/v2\/pages\/4876\/revisions\/5504"}],"wp:attachment":[{"href":"https:\/\/www.champagne-sur-loue.fr\/index.php\/wp-json\/wp\/v2\/media?parent=4876"}],"curies":[{"name":"wp","href":"https:\/\/api.w.org\/{rel}","templated":true}]}}