{"id":5543,"date":"2019-01-25T09:35:23","date_gmt":"2019-01-25T08:35:23","guid":{"rendered":"http:\/\/www.champagne-sur-loue.fr\/?page_id=5543"},"modified":"2019-03-05T23:44:58","modified_gmt":"2019-03-05T22:44:58","slug":"faune-et-flore","status":"publish","type":"page","link":"http:\/\/www.champagne-sur-loue.fr\/index.php\/environnement\/faune-et-flore\/","title":{"rendered":"Faune et flore"},"content":{"rendered":"\n\n<div class=\"su-posts su-posts-default-loop\">\n\n\t\n\t\t\n\t\t\t<div id=\"su-post-6261\" class=\"su-post\">\n\n\t\t\t\t\t\t\t\t\t<a class=\"su-post-thumbnail\" href=\"http:\/\/www.champagne-sur-loue.fr\/index.php\/2020\/04\/13\/un-chamois-dans-la-plaine\/\"><img width=\"2393\" height=\"1615\" src=\"http:\/\/www.champagne-sur-loue.fr\/wp-content\/uploads\/2020\/04\/chamois-2.jpg\" class=\"attachment-post-thumbnail size-post-thumbnail wp-post-image\" alt=\"\" loading=\"lazy\" srcset=\"http:\/\/www.champagne-sur-loue.fr\/wp-content\/uploads\/2020\/04\/chamois-2.jpg 2393w, http:\/\/www.champagne-sur-loue.fr\/wp-content\/uploads\/2020\/04\/chamois-2-300x202.jpg 300w, http:\/\/www.champagne-sur-loue.fr\/wp-content\/uploads\/2020\/04\/chamois-2-1024x691.jpg 1024w, http:\/\/www.champagne-sur-loue.fr\/wp-content\/uploads\/2020\/04\/chamois-2-768x518.jpg 768w, http:\/\/www.champagne-sur-loue.fr\/wp-content\/uploads\/2020\/04\/chamois-2-1536x1037.jpg 1536w, http:\/\/www.champagne-sur-loue.fr\/wp-content\/uploads\/2020\/04\/chamois-2-2048x1382.jpg 2048w\" sizes=\"(max-width: 2393px) 100vw, 2393px\" \/><\/a>\n\t\t\t\t\n\t\t\t\t<h2 class=\"su-post-title\"><a href=\"http:\/\/www.champagne-sur-loue.fr\/index.php\/2020\/04\/13\/un-chamois-dans-la-plaine\/\">Un chamois dans la plaine<\/a><\/h2>\n\n\t\t\t\t<div class=\"su-post-meta\">\n\t\t\t\t\tPubli\u00e9: 13 avril 2020\t\t\t\t<\/div>\n\n\t\t\t\t<div class=\"su-post-excerpt\">\n\t\t\t\t\t<p>Le 13 avril 2020, une dr\u00f4le d&#8217;observation a eu lieu dans la plaine de Champagne-sur-Loue. Vers 10h10 du matin, un chamois traverse un labour puis un chemin agricole au lieu-dit les Combes. Il se dirige vers la petite peupleraie humide o\u00f9 subsiste encore un peu d&#8217;eau. Est-ce le confinement qui redonne \u00e0 la nature une &hellip;<\/p>\n\t\t\t\t<\/div>\n\n\t\t\t\t\n\t\t\t<\/div>\n\n\t\t\n\t\t\t<div id=\"su-post-6151\" class=\"su-post\">\n\n\t\t\t\t\t\t\t\t\t<a class=\"su-post-thumbnail\" href=\"http:\/\/www.champagne-sur-loue.fr\/index.php\/2019\/11\/03\/la-rainette-verte-au-bord-de-lextinction\/\"><img width=\"2127\" height=\"1489\" src=\"http:\/\/www.champagne-sur-loue.fr\/wp-content\/uploads\/2019\/11\/rainette.jpg\" class=\"attachment-post-thumbnail size-post-thumbnail wp-post-image\" alt=\"\" loading=\"lazy\" srcset=\"http:\/\/www.champagne-sur-loue.fr\/wp-content\/uploads\/2019\/11\/rainette.jpg 2127w, http:\/\/www.champagne-sur-loue.fr\/wp-content\/uploads\/2019\/11\/rainette-300x210.jpg 300w, http:\/\/www.champagne-sur-loue.fr\/wp-content\/uploads\/2019\/11\/rainette-768x538.jpg 768w, http:\/\/www.champagne-sur-loue.fr\/wp-content\/uploads\/2019\/11\/rainette-1024x717.jpg 1024w\" sizes=\"(max-width: 2127px) 100vw, 2127px\" \/><\/a>\n\t\t\t\t\n\t\t\t\t<h2 class=\"su-post-title\"><a href=\"http:\/\/www.champagne-sur-loue.fr\/index.php\/2019\/11\/03\/la-rainette-verte-au-bord-de-lextinction\/\">La rainette verte au bord de l&#8217;extinction<\/a><\/h2>\n\n\t\t\t\t<div class=\"su-post-meta\">\n\t\t\t\t\tPubli\u00e9: 3 novembre 2019\t\t\t\t<\/div>\n\n\t\t\t\t<div class=\"su-post-excerpt\">\n\t\t\t\t\t<p>La rainette verte, dite aussi rainette arboricole, est une petite &#8220;grenouille&#8221; de la taille d&#8217;un pouce. Cet amphibien a la particularit\u00e9 de tr\u00e8s bien grimper, avec ses longs doigts agiles termin\u00e9s de ventouses. A Champagne-sur-Loue, on trouve l&#8217;unique population connue de rainette verte de toute la vall\u00e9e de la Loue ! Mode de vie En &hellip;<\/p>\n\t\t\t\t<\/div>\n\n\t\t\t\t\n\t\t\t<\/div>\n\n\t\t\n\t\t\t<div id=\"su-post-5977\" class=\"su-post\">\n\n\t\t\t\t\t\t\t\t\t<a class=\"su-post-thumbnail\" href=\"http:\/\/www.champagne-sur-loue.fr\/index.php\/2019\/05\/19\/la-colline-aux-orchidees\/\"><img width=\"2300\" height=\"1227\" src=\"http:\/\/www.champagne-sur-loue.fr\/wp-content\/uploads\/2019\/05\/Ophrys-fuciflora-1.jpg\" class=\"attachment-post-thumbnail size-post-thumbnail wp-post-image\" alt=\"\" loading=\"lazy\" srcset=\"http:\/\/www.champagne-sur-loue.fr\/wp-content\/uploads\/2019\/05\/Ophrys-fuciflora-1.jpg 2300w, http:\/\/www.champagne-sur-loue.fr\/wp-content\/uploads\/2019\/05\/Ophrys-fuciflora-1-300x160.jpg 300w, http:\/\/www.champagne-sur-loue.fr\/wp-content\/uploads\/2019\/05\/Ophrys-fuciflora-1-768x410.jpg 768w, http:\/\/www.champagne-sur-loue.fr\/wp-content\/uploads\/2019\/05\/Ophrys-fuciflora-1-1024x546.jpg 1024w\" sizes=\"(max-width: 2300px) 100vw, 2300px\" \/><\/a>\n\t\t\t\t\n\t\t\t\t<h2 class=\"su-post-title\"><a href=\"http:\/\/www.champagne-sur-loue.fr\/index.php\/2019\/05\/19\/la-colline-aux-orchidees\/\">La colline aux orchid\u00e9es<\/a><\/h2>\n\n\t\t\t\t<div class=\"su-post-meta\">\n\t\t\t\t\tPubli\u00e9: 19 mai 2019\t\t\t\t<\/div>\n\n\t\t\t\t<div class=\"su-post-excerpt\">\n\t\t\t\t\t<p>La pelouse du lieu-dit &#8220;En montain&#8221; est en fleurs. Apr\u00e8s les centaines, voire milliers d&#8217;orchis bouffon (Orchis morio) qui fanent peu \u00e0 peu, c&#8217;est au tour des asperges sauvages (ornithogale des Pyr\u00e9n\u00e9es) de pousser au milieu des sauges des pr\u00e9s. En cherchant bien, on peut observer l&#8217;orchis bouc (photo ci-dessous) et ses fleurs en forme &hellip;<\/p>\n\t\t\t\t<\/div>\n\n\t\t\t\t\n\t\t\t<\/div>\n\n\t\t\n\t\t\t<div id=\"su-post-5938\" class=\"su-post\">\n\n\t\t\t\t\t\t\t\t\t<a class=\"su-post-thumbnail\" href=\"http:\/\/www.champagne-sur-loue.fr\/index.php\/2019\/03\/26\/le-geant-vert\/\"><img width=\"1407\" height=\"951\" src=\"http:\/\/www.champagne-sur-loue.fr\/wp-content\/uploads\/2019\/03\/Le\u0301zard-vert-couple-JPP.jpg\" class=\"attachment-post-thumbnail size-post-thumbnail wp-post-image\" alt=\"\" loading=\"lazy\" srcset=\"http:\/\/www.champagne-sur-loue.fr\/wp-content\/uploads\/2019\/03\/Le\u0301zard-vert-couple-JPP.jpg 1407w, http:\/\/www.champagne-sur-loue.fr\/wp-content\/uploads\/2019\/03\/Le\u0301zard-vert-couple-JPP-300x203.jpg 300w, http:\/\/www.champagne-sur-loue.fr\/wp-content\/uploads\/2019\/03\/Le\u0301zard-vert-couple-JPP-768x519.jpg 768w, http:\/\/www.champagne-sur-loue.fr\/wp-content\/uploads\/2019\/03\/Le\u0301zard-vert-couple-JPP-1024x692.jpg 1024w\" sizes=\"(max-width: 1407px) 100vw, 1407px\" \/><\/a>\n\t\t\t\t\n\t\t\t\t<h2 class=\"su-post-title\"><a href=\"http:\/\/www.champagne-sur-loue.fr\/index.php\/2019\/03\/26\/le-geant-vert\/\">Le g\u00e9ant vert<\/a><\/h2>\n\n\t\t\t\t<div class=\"su-post-meta\">\n\t\t\t\t\tPubli\u00e9: 26 mars 2019\t\t\t\t<\/div>\n\n\t\t\t\t<div class=\"su-post-excerpt\">\n\t\t\t\t\t<p>Le printemps est bien lanc\u00e9 cette fois. Avec la bise bien de saison, certains animaux savent profiter des rayons du soleil. C&#8217;est le cas du l\u00e9zard vert, aussi appel\u00e9 l\u00e9zard \u00e0 deux raies. C&#8217;est un reptile inoffensif et prot\u00e9g\u00e9, bien repr\u00e9sent\u00e9 sur la colline de Montain, \u00e0 Champagne-sur-Loue. Le l\u00e9zard \u00e0 deux raies peut d\u00e9passer &hellip;<\/p>\n\t\t\t\t<\/div>\n\n\t\t\t\t\n\t\t\t<\/div>\n\n\t\t\n\t\t\t<div id=\"su-post-5895\" class=\"su-post\">\n\n\t\t\t\t\t\t\t\t\t<a class=\"su-post-thumbnail\" href=\"http:\/\/www.champagne-sur-loue.fr\/index.php\/2019\/03\/06\/des-cigognes-a-champagne\/\"><img width=\"1400\" height=\"933\" src=\"http:\/\/www.champagne-sur-loue.fr\/wp-content\/uploads\/2019\/03\/cigognes.jpg\" class=\"attachment-post-thumbnail size-post-thumbnail wp-post-image\" alt=\"\" loading=\"lazy\" srcset=\"http:\/\/www.champagne-sur-loue.fr\/wp-content\/uploads\/2019\/03\/cigognes.jpg 1400w, http:\/\/www.champagne-sur-loue.fr\/wp-content\/uploads\/2019\/03\/cigognes-300x200.jpg 300w, http:\/\/www.champagne-sur-loue.fr\/wp-content\/uploads\/2019\/03\/cigognes-768x512.jpg 768w, http:\/\/www.champagne-sur-loue.fr\/wp-content\/uploads\/2019\/03\/cigognes-1024x682.jpg 1024w\" sizes=\"(max-width: 1400px) 100vw, 1400px\" \/><\/a>\n\t\t\t\t\n\t\t\t\t<h2 class=\"su-post-title\"><a href=\"http:\/\/www.champagne-sur-loue.fr\/index.php\/2019\/03\/06\/des-cigognes-a-champagne\/\">Des cigognes \u00e0 Champagne<\/a><\/h2>\n\n\t\t\t\t<div class=\"su-post-meta\">\n\t\t\t\t\tPubli\u00e9: 6 mars 2019\t\t\t\t<\/div>\n\n\t\t\t\t<div class=\"su-post-excerpt\">\n\t\t\t\t\t<p>C&#8217;est la saison, m\u00eame si chaque ann\u00e9e les cigognes de f\u00e9vrier \u00e9tonnent par leur pr\u00e9cocit\u00e9. Ce dimanche matin du 24 f\u00e9vrier 2019, la plaine de Champagne-sur-Loue \u00e9tait constell\u00e9e de points blancs. Pas de doute, un escadron de cigognes blanches faisait escale pour se ravitailler de lombrics et autres larves de grillons. Op\u00e9ration comptage : 131 &hellip;<\/p>\n\t\t\t\t<\/div>\n\n\t\t\t\t\n\t\t\t<\/div>\n\n\t\t\n\t\n<\/div>\n\n","protected":false},"excerpt":{"rendered":"","protected":false},"author":3,"featured_media":0,"parent":5240,"menu_order":3,"comment_status":"closed","ping_status":"closed","template":"template-fullwidth.php","meta":[],"_links":{"self":[{"href":"http:\/\/www.champagne-sur-loue.fr\/index.php\/wp-json\/wp\/v2\/pages\/5543"}],"collection":[{"href":"http:\/\/www.champagne-sur-loue.fr\/index.php\/wp-json\/wp\/v2\/pages"}],"about":[{"href":"http:\/\/www.champagne-sur-loue.fr\/index.php\/wp-json\/wp\/v2\/types\/page"}],"author":[{"embeddable":true,"href":"http:\/\/www.champagne-sur-loue.fr\/index.php\/wp-json\/wp\/v2\/users\/3"}],"replies":[{"embeddable":true,"href":"http:\/\/www.champagne-sur-loue.fr\/index.php\/wp-json\/wp\/v2\/comments?post=5543"}],"version-history":[{"count":3,"href":"http:\/\/www.champagne-sur-loue.fr\/index.php\/wp-json\/wp\/v2\/pages\/5543\/revisions"}],"predecessor-version":[{"id":5893,"href":"http:\/\/www.champagne-sur-loue.fr\/index.php\/wp-json\/wp\/v2\/pages\/5543\/revisions\/5893"}],"up":[{"embeddable":true,"href":"http:\/\/www.champagne-sur-loue.fr\/index.php\/wp-json\/wp\/v2\/pages\/5240"}],"wp:attachment":[{"href":"http:\/\/www.champagne-sur-loue.fr\/index.php\/wp-json\/wp\/v2\/media?parent=5543"}],"curies":[{"name":"wp","href":"https:\/\/api.w.org\/{rel}","templated":true}]}}