{"id":5431,"date":"2019-01-17T08:46:49","date_gmt":"2019-01-17T07:46:49","guid":{"rendered":"http:\/\/www.champagne-sur-loue.fr\/?page_id=5431"},"modified":"2019-02-27T15:06:05","modified_gmt":"2019-02-27T14:06:05","slug":"numeros-utiles","status":"publish","type":"page","link":"http:\/\/www.champagne-sur-loue.fr\/index.php\/numeros-utiles\/","title":{"rendered":"Num\u00e9ros Utiles"},"content":{"rendered":"\n<p><\/p>\n\n\n\n<p class=\"has-medium-font-size\"><strong>15 <\/strong>: SAMU, urgences m\u00e9dicales<\/p>\n\n\n\n<p class=\"has-medium-font-size\"><strong>17<\/strong> : Gendarmerie<\/p>\n\n\n\n<p class=\"has-medium-font-size\"><strong>18<\/strong> : Pompiers<\/p>\n\n\n\n<p class=\"has-medium-font-size\"><strong>32 37<\/strong> : Pharmacie de garde<\/p>\n\n\n\n<p class=\"has-medium-font-size\"><strong>112 <\/strong>: Secours \/ Urgence accessible dans toute l&#8217;UE<\/p>\n\n\n\n<p class=\"has-medium-font-size\"><strong>114 <\/strong>: R\u00e9ception et orientation des personnes malentendantes<\/p>\n\n\n\n<p class=\"has-medium-font-size\"><strong>115 <\/strong>: SAMU social<\/p>\n\n\n\n<p class=\"has-medium-font-size\"><strong>116 000 :<\/strong> Urgence sociale &#8211; Enfants disparus<\/p>\n\n\n\n<p class=\"has-medium-font-size\"><strong>119 : <\/strong>Urgence sociale &#8211; Enfants maltrait\u00e9s<\/p>\n\n\n\n<p class=\"has-medium-font-size\"><br><strong>0800 47 33 33 :<\/strong> Urgence s\u00e9curit\u00e9 GAZ &#8211; ERDF<\/p>\n\n\n\n<p class=\"has-medium-font-size\"><strong>09 726 750 39 :<\/strong> Coupure ELECTRIQUE &#8211; ENEDIS<\/p>\n\n\n\n<p style=\"font-size:26px\"><br><strong>Gestionnaire de l&#8217;eau : SUEZ <\/strong><\/p>\n\n\n\n<p style=\"font-size:22px\"><strong>APPELER LE N\u00b0 0977 408 408,<br><\/strong>Pour&nbsp;toutes&nbsp;demandes li\u00e9es \u00e0 la facturation, aux probl\u00e8mes de fuites sur branchements, aux demandes de raccordements et de branchements<br><strong><br>Num\u00e9ro d&#8217;urgence : <\/strong> <strong>APPELER LE N\u00b0 0977 401 126<\/strong> <br>En cas de fuite d&#8217;eau ou d\u00e9bordement<strong> <\/strong><\/p>\n\n\n\n<ul class=\"wp-container-2 wp-block-gallery-1 wp-block-gallery columns-1 is-cropped\"><li class=\"blocks-gallery-item\"><figure><img loading=\"lazy\" width=\"878\" height=\"536\" src=\"http:\/\/www.champagne-sur-loue.fr\/wp-content\/uploads\/2019\/02\/Horaires-Dechettetie-1.png\" alt=\"\" data-id=\"5840\" data-link=\"http:\/\/www.champagne-sur-loue.fr\/index.php\/numeros-utiles\/horaires-dechettetie-2\/\" class=\"wp-image-5840\" srcset=\"http:\/\/www.champagne-sur-loue.fr\/wp-content\/uploads\/2019\/02\/Horaires-Dechettetie-1.png 878w, http:\/\/www.champagne-sur-loue.fr\/wp-content\/uploads\/2019\/02\/Horaires-Dechettetie-1-300x183.png 300w, http:\/\/www.champagne-sur-loue.fr\/wp-content\/uploads\/2019\/02\/Horaires-Dechettetie-1-768x469.png 768w\" sizes=\"(max-width: 878px) 100vw, 878px\" \/><\/figure><\/li><\/ul>\n","protected":false},"excerpt":{"rendered":"<p>15 : SAMU, urgences m\u00e9dicales 17 : Gendarmerie 18 : Pompiers 32 37 : Pharmacie de garde 112 : Secours \/ Urgence accessible dans toute l&#8217;UE 114 : R\u00e9ception et orientation des personnes malentendantes 115 : SAMU social 116 000 : Urgence sociale &#8211; Enfants disparus 119 : Urgence sociale &#8211; Enfants maltrait\u00e9s 0800 47 &hellip;<\/p>\n","protected":false},"author":1,"featured_media":0,"parent":0,"menu_order":0,"comment_status":"closed","ping_status":"closed","template":"template-fullwidth.php","meta":[],"_links":{"self":[{"href":"http:\/\/www.champagne-sur-loue.fr\/index.php\/wp-json\/wp\/v2\/pages\/5431"}],"collection":[{"href":"http:\/\/www.champagne-sur-loue.fr\/index.php\/wp-json\/wp\/v2\/pages"}],"about":[{"href":"http:\/\/www.champagne-sur-loue.fr\/index.php\/wp-json\/wp\/v2\/types\/page"}],"author":[{"embeddable":true,"href":"http:\/\/www.champagne-sur-loue.fr\/index.php\/wp-json\/wp\/v2\/users\/1"}],"replies":[{"embeddable":true,"href":"http:\/\/www.champagne-sur-loue.fr\/index.php\/wp-json\/wp\/v2\/comments?post=5431"}],"version-history":[{"count":22,"href":"http:\/\/www.champagne-sur-loue.fr\/index.php\/wp-json\/wp\/v2\/pages\/5431\/revisions"}],"predecessor-version":[{"id":5841,"href":"http:\/\/www.champagne-sur-loue.fr\/index.php\/wp-json\/wp\/v2\/pages\/5431\/revisions\/5841"}],"wp:attachment":[{"href":"http:\/\/www.champagne-sur-loue.fr\/index.php\/wp-json\/wp\/v2\/media?parent=5431"}],"curies":[{"name":"wp","href":"https:\/\/api.w.org\/{rel}","templated":true}]}}