{"id":5195,"date":"2018-12-03T22:37:06","date_gmt":"2018-12-03T21:37:06","guid":{"rendered":"http:\/\/www.champagne-sur-loue.fr\/?page_id=5195"},"modified":"2019-01-17T16:32:12","modified_gmt":"2019-01-17T15:32:12","slug":"avis-arretes","status":"publish","type":"page","link":"http:\/\/www.champagne-sur-loue.fr\/index.php\/avis-arretes\/","title":{"rendered":"Avis \/ Arr\u00eat\u00e9s"},"content":{"rendered":"\n\n<div class=\"su-posts su-posts-default-loop\">\n\n\t\n\t\t\n\t\t\t<div id=\"su-post-6774\" class=\"su-post\">\n\n\t\t\t\t\n\t\t\t\t<h2 class=\"su-post-title\"><a href=\"http:\/\/www.champagne-sur-loue.fr\/index.php\/2023\/08\/04\/arrete-interdiction-de-baignade\/\">ARRETE INTERDICTION DE BAIGNADE<\/a><\/h2>\n\n\t\t\t\t<div class=\"su-post-meta\">\n\t\t\t\t\tPubli\u00e9: 4 ao\u00fbt 2023\t\t\t\t<\/div>\n\n\t\t\t\t<div class=\"su-post-excerpt\">\n\t\t\t\t\t<p>EN RAISON DE PRESENCE DE CYANOBACTERIES DANS LES ANALYSES DE L&#8217;ARS, LA BAIGNADE EST INTERDITE SUR LE SITE DE LA LOUE AU PONT DE LA LOUE ET SUR TOUT LE TERRITOIRE DE LA COMMUNE DE CHAMPAGNE SUR LOUE JUSQU&#8217;A NOUVEL ORDRE LES ACTIVITES NAUTIQUES SONT EGALEMENT INTERDITES VOIR CI DESSOUS L&#8217;ARRETE MUNICIPAL ET L&#8217;AVIS D&#8217;INTERDICTION &hellip;<\/p>\n\t\t\t\t<\/div>\n\n\t\t\t\t\n\t\t\t<\/div>\n\n\t\t\n\t\t\t<div id=\"su-post-6763\" class=\"su-post\">\n\n\t\t\t\t\t\t\t\t\t<a class=\"su-post-thumbnail\" href=\"http:\/\/www.champagne-sur-loue.fr\/index.php\/2023\/07\/07\/arrete-de-secheresse-2023-06-30-001\/\"><img width=\"4238\" height=\"2993\" src=\"http:\/\/www.champagne-sur-loue.fr\/wp-content\/uploads\/2023\/07\/Affiche_2023_VIGILANCE_E-ALERETE_NE-2-pdf.jpg\" class=\"attachment-post-thumbnail size-post-thumbnail wp-post-image\" alt=\"\" loading=\"lazy\" \/><\/a>\n\t\t\t\t\n\t\t\t\t<h2 class=\"su-post-title\"><a href=\"http:\/\/www.champagne-sur-loue.fr\/index.php\/2023\/07\/07\/arrete-de-secheresse-2023-06-30-001\/\">Arr\u00eat\u00e9 de s\u00e9cheresse 2023 06 30 001<\/a><\/h2>\n\n\t\t\t\t<div class=\"su-post-meta\">\n\t\t\t\t\tPubli\u00e9: 7 juillet 2023\t\t\t\t<\/div>\n\n\t\t\t\t<div class=\"su-post-excerpt\">\n\t\t\t\t\t\t\t\t\t<\/div>\n\n\t\t\t\t\n\t\t\t<\/div>\n\n\t\t\n\t\t\t<div id=\"su-post-6316\" class=\"su-post\">\n\n\t\t\t\t\t\t\t\t\t<a class=\"su-post-thumbnail\" href=\"http:\/\/www.champagne-sur-loue.fr\/index.php\/2020\/10\/26\/arrete-prefectoral\/\"><img width=\"300\" height=\"300\" src=\"http:\/\/www.champagne-sur-loue.fr\/wp-content\/uploads\/2020\/06\/logo_prefecture_Jura.jpg\" class=\"attachment-post-thumbnail size-post-thumbnail wp-post-image\" alt=\"\" loading=\"lazy\" srcset=\"http:\/\/www.champagne-sur-loue.fr\/wp-content\/uploads\/2020\/06\/logo_prefecture_Jura.jpg 300w, http:\/\/www.champagne-sur-loue.fr\/wp-content\/uploads\/2020\/06\/logo_prefecture_Jura-150x150.jpg 150w, http:\/\/www.champagne-sur-loue.fr\/wp-content\/uploads\/2020\/06\/logo_prefecture_Jura-60x60.jpg 60w\" sizes=\"(max-width: 300px) 100vw, 300px\" \/><\/a>\n\t\t\t\t\n\t\t\t\t<h2 class=\"su-post-title\"><a href=\"http:\/\/www.champagne-sur-loue.fr\/index.php\/2020\/10\/26\/arrete-prefectoral\/\">ARRETES PREFECTORAUX<\/a><\/h2>\n\n\t\t\t\t<div class=\"su-post-meta\">\n\t\t\t\t\tPubli\u00e9: 26 octobre 2020\t\t\t\t<\/div>\n\n\t\t\t\t<div class=\"su-post-excerpt\">\n\t\t\t\t\t\t\t\t\t<\/div>\n\n\t\t\t\t\n\t\t\t<\/div>\n\n\t\t\n\t\t\t<div id=\"su-post-5725\" class=\"su-post\">\n\n\t\t\t\t\t\t\t\t\t<a class=\"su-post-thumbnail\" href=\"http:\/\/www.champagne-sur-loue.fr\/index.php\/2019\/07\/04\/5725\/\"><img width=\"1660\" height=\"1660\" src=\"http:\/\/www.champagne-sur-loue.fr\/wp-content\/uploads\/2019\/01\/mairie.jpg\" class=\"attachment-post-thumbnail size-post-thumbnail wp-post-image\" alt=\"\" loading=\"lazy\" srcset=\"http:\/\/www.champagne-sur-loue.fr\/wp-content\/uploads\/2019\/01\/mairie.jpg 1660w, http:\/\/www.champagne-sur-loue.fr\/wp-content\/uploads\/2019\/01\/mairie-150x150.jpg 150w, http:\/\/www.champagne-sur-loue.fr\/wp-content\/uploads\/2019\/01\/mairie-300x300.jpg 300w, http:\/\/www.champagne-sur-loue.fr\/wp-content\/uploads\/2019\/01\/mairie-768x768.jpg 768w, http:\/\/www.champagne-sur-loue.fr\/wp-content\/uploads\/2019\/01\/mairie-1024x1024.jpg 1024w, http:\/\/www.champagne-sur-loue.fr\/wp-content\/uploads\/2019\/01\/mairie-60x60.jpg 60w\" sizes=\"(max-width: 1660px) 100vw, 1660px\" \/><\/a>\n\t\t\t\t\n\t\t\t\t<h2 class=\"su-post-title\"><a href=\"http:\/\/www.champagne-sur-loue.fr\/index.php\/2019\/07\/04\/5725\/\">ARR\u00caT\u00c9S MUNICIPAUX<\/a><\/h2>\n\n\t\t\t\t<div class=\"su-post-meta\">\n\t\t\t\t\tPubli\u00e9: 4 juillet 2019\t\t\t\t<\/div>\n\n\t\t\t\t<div class=\"su-post-excerpt\">\n\t\t\t\t\t<p>D\u00c9CRETS \/ ARR\u00caTES<\/p>\n\t\t\t\t<\/div>\n\n\t\t\t\t\n\t\t\t<\/div>\n\n\t\t\n\t\n<\/div>\n\n","protected":false},"excerpt":{"rendered":"","protected":false},"author":1,"featured_media":0,"parent":0,"menu_order":0,"comment_status":"closed","ping_status":"closed","template":"template-fullwidth.php","meta":[],"_links":{"self":[{"href":"http:\/\/www.champagne-sur-loue.fr\/index.php\/wp-json\/wp\/v2\/pages\/5195"}],"collection":[{"href":"http:\/\/www.champagne-sur-loue.fr\/index.php\/wp-json\/wp\/v2\/pages"}],"about":[{"href":"http:\/\/www.champagne-sur-loue.fr\/index.php\/wp-json\/wp\/v2\/types\/page"}],"author":[{"embeddable":true,"href":"http:\/\/www.champagne-sur-loue.fr\/index.php\/wp-json\/wp\/v2\/users\/1"}],"replies":[{"embeddable":true,"href":"http:\/\/www.champagne-sur-loue.fr\/index.php\/wp-json\/wp\/v2\/comments?post=5195"}],"version-history":[{"count":3,"href":"http:\/\/www.champagne-sur-loue.fr\/index.php\/wp-json\/wp\/v2\/pages\/5195\/revisions"}],"predecessor-version":[{"id":5724,"href":"http:\/\/www.champagne-sur-loue.fr\/index.php\/wp-json\/wp\/v2\/pages\/5195\/revisions\/5724"}],"wp:attachment":[{"href":"http:\/\/www.champagne-sur-loue.fr\/index.php\/wp-json\/wp\/v2\/media?parent=5195"}],"curies":[{"name":"wp","href":"https:\/\/api.w.org\/{rel}","templated":true}]}}